{"id":116,"date":"2021-07-28T16:28:09","date_gmt":"2021-07-28T14:28:09","guid":{"rendered":"http:\/\/przedszkole4.slawno.pl\/?page_id=116"},"modified":"2021-07-28T16:28:09","modified_gmt":"2021-07-28T14:28:09","slug":"rada-rodzicow","status":"publish","type":"page","link":"http:\/\/przedszkole4.slawno.pl\/?page_id=116","title":{"rendered":"Rada rodzic\u00f3w"},"content":{"rendered":"\n<p>KONTO RADY RODZIC\u00d3W &#8211; BANK PKO BP 72 1020 4681 0000 1002 0003 5410<\/p>\n\n\n\n<p>Kalendarz imprez i uroczysto\u015bci przedszkolnych :<\/p>\n\n\n\n<p>Dzie\u0144 Przedszkolaka<\/p>\n\n\n\n<p>\u015awieto Pieczonego Ziemniaka<\/p>\n\n\n\n<p>Zabawa andrzejkowa<\/p>\n\n\n\n<p>Andrzejki<\/p>\n\n\n\n<p>Miko\u0142ajki<\/p>\n\n\n\n<p>Wigilia<\/p>\n\n\n\n<p>WO\u015aP<\/p>\n\n\n\n<p>Bal karnawa\u0142owy<\/p>\n\n\n\n<p>Dzie\u0144 Babci i Dziadka<\/p>\n\n\n\n<p>Powitanie wiosny<\/p>\n\n\n\n<p>Przegl\u0105d Teatralny<\/p>\n\n\n\n<p>Dni Teatru<\/p>\n\n\n\n<p>Zaj\u0105czek<\/p>\n\n\n\n<p>Festiwal Piosenki Przedszkolnej<\/p>\n\n\n\n<p>Festyn Rodzinny<\/p>\n\n\n\n<p>Dzie\u0144 Dziecka<\/p>\n\n\n\n<p>Zako\u0144czenie roku<\/p>\n\n\n\n<p>Inne (wg potrzeb: teatrzyki, kino, spotkania edukacyjne, wycieczki)<\/p>\n","protected":false},"excerpt":{"rendered":"<p>KONTO RADY RODZIC\u00d3W &#8211; BANK PKO BP 72 1020 4681 0000 1002 0003 5410 Kalendarz imprez i uroczysto\u015bci przedszkolnych : Dzie\u0144 Przedszkolaka \u015awieto Pieczonego Ziemniaka Zabawa andrzejkowa Andrzejki Miko\u0142ajki Wigilia WO\u015aP Bal karnawa\u0142owy Dzie\u0144 Babci i Dziadka Powitanie wiosny Przegl\u0105d Teatralny Dni Teatru Zaj\u0105czek Festiwal Piosenki Przedszkolnej Festyn Rodzinny Dzie\u0144 Dziecka Zako\u0144czenie roku Inne (wg &hellip; <a href=\"http:\/\/przedszkole4.slawno.pl\/?page_id=116\" class=\"more-link\">Continue reading<span class=\"screen-reader-text\"> &#8222;Rada rodzic\u00f3w&#8221;<\/span><\/a><\/p>\n","protected":false},"author":1,"featured_media":0,"parent":0,"menu_order":0,"comment_status":"closed","ping_status":"closed","template":"","meta":{"footnotes":""},"class_list":["post-116","page","type-page","status-publish","hentry"],"yoast_head":"<!-- This site is optimized with the Yoast SEO plugin v27.3 - https:\/\/yoast.com\/product\/yoast-seo-wordpress\/ -->\n<title>Rada rodzic\u00f3w - Przedszkole nr 4 im. Krasnala Ha\u0142aba\u0142y, \u017b\u0142obek Miejski w S\u0142awnie<\/title>\n<meta name=\"robots\" content=\"index, follow, max-snippet:-1, max-image-preview:large, max-video-preview:-1\" \/>\n<link rel=\"canonical\" href=\"https:\/\/przedszkole4.slawno.pl\/?page_id=116\" \/>\n<meta name=\"twitter:card\" content=\"summary_large_image\" \/>\n<meta name=\"twitter:title\" content=\"Rada rodzic\u00f3w - Przedszkole nr 4 im. Krasnala Ha\u0142aba\u0142y, \u017b\u0142obek Miejski w S\u0142awnie\" \/>\n<meta name=\"twitter:description\" content=\"KONTO RADY RODZIC\u00d3W &#8211; BANK PKO BP 72 1020 4681 0000 1002 0003 5410 Kalendarz imprez i uroczysto\u015bci przedszkolnych : Dzie\u0144 Przedszkolaka \u015awieto Pieczonego Ziemniaka Zabawa andrzejkowa Andrzejki Miko\u0142ajki Wigilia WO\u015aP Bal karnawa\u0142owy Dzie\u0144 Babci i Dziadka Powitanie wiosny Przegl\u0105d Teatralny Dni Teatru Zaj\u0105czek Festiwal Piosenki Przedszkolnej Festyn Rodzinny Dzie\u0144 Dziecka Zako\u0144czenie roku Inne (wg &hellip; Continue reading &quot;Rada rodzic\u00f3w&quot;\" \/>\n<script type=\"application\/ld+json\" class=\"yoast-schema-graph\">{\"@context\":\"https:\\\/\\\/schema.org\",\"@graph\":[{\"@type\":\"WebPage\",\"@id\":\"https:\\\/\\\/przedszkole4.slawno.pl\\\/?page_id=116\",\"url\":\"https:\\\/\\\/przedszkole4.slawno.pl\\\/?page_id=116\",\"name\":\"Rada rodzic\u00f3w - Przedszkole nr 4 im. Krasnala Ha\u0142aba\u0142y, \u017b\u0142obek Miejski w S\u0142awnie\",\"isPartOf\":{\"@id\":\"https:\\\/\\\/przedszkole4.slawno.pl\\\/#website\"},\"datePublished\":\"2021-07-28T14:28:09+00:00\",\"breadcrumb\":{\"@id\":\"https:\\\/\\\/przedszkole4.slawno.pl\\\/?page_id=116#breadcrumb\"},\"inLanguage\":\"pl-PL\",\"potentialAction\":[{\"@type\":\"ReadAction\",\"target\":[\"https:\\\/\\\/przedszkole4.slawno.pl\\\/?page_id=116\"]}]},{\"@type\":\"BreadcrumbList\",\"@id\":\"https:\\\/\\\/przedszkole4.slawno.pl\\\/?page_id=116#breadcrumb\",\"itemListElement\":[{\"@type\":\"ListItem\",\"position\":1,\"name\":\"Strona g\u0142\u00f3wna\",\"item\":\"https:\\\/\\\/przedszkole4.slawno.pl\\\/\"},{\"@type\":\"ListItem\",\"position\":2,\"name\":\"Rada rodzic\u00f3w\"}]},{\"@type\":\"WebSite\",\"@id\":\"https:\\\/\\\/przedszkole4.slawno.pl\\\/#website\",\"url\":\"https:\\\/\\\/przedszkole4.slawno.pl\\\/\",\"name\":\"Przedszkole nr 4 im. Krasnala Ha\u0142aba\u0142y, \u017b\u0142obek Miejski w S\u0142awnie\",\"description\":\"Krasnal Ha\u0142aba\u0142a\",\"potentialAction\":[{\"@type\":\"SearchAction\",\"target\":{\"@type\":\"EntryPoint\",\"urlTemplate\":\"https:\\\/\\\/przedszkole4.slawno.pl\\\/?s={search_term_string}\"},\"query-input\":{\"@type\":\"PropertyValueSpecification\",\"valueRequired\":true,\"valueName\":\"search_term_string\"}}],\"inLanguage\":\"pl-PL\"}]}<\/script>\n<!-- \/ Yoast SEO plugin. -->","yoast_head_json":{"title":"Rada rodzic\u00f3w - Przedszkole nr 4 im. Krasnala Ha\u0142aba\u0142y, \u017b\u0142obek Miejski w S\u0142awnie","robots":{"index":"index","follow":"follow","max-snippet":"max-snippet:-1","max-image-preview":"max-image-preview:large","max-video-preview":"max-video-preview:-1"},"canonical":"https:\/\/przedszkole4.slawno.pl\/?page_id=116","twitter_card":"summary_large_image","twitter_title":"Rada rodzic\u00f3w - Przedszkole nr 4 im. Krasnala Ha\u0142aba\u0142y, \u017b\u0142obek Miejski w S\u0142awnie","twitter_description":"KONTO RADY RODZIC\u00d3W &#8211; BANK PKO BP 72 1020 4681 0000 1002 0003 5410 Kalendarz imprez i uroczysto\u015bci przedszkolnych : Dzie\u0144 Przedszkolaka \u015awieto Pieczonego Ziemniaka Zabawa andrzejkowa Andrzejki Miko\u0142ajki Wigilia WO\u015aP Bal karnawa\u0142owy Dzie\u0144 Babci i Dziadka Powitanie wiosny Przegl\u0105d Teatralny Dni Teatru Zaj\u0105czek Festiwal Piosenki Przedszkolnej Festyn Rodzinny Dzie\u0144 Dziecka Zako\u0144czenie roku Inne (wg &hellip; Continue reading \"Rada rodzic\u00f3w\"","schema":{"@context":"https:\/\/schema.org","@graph":[{"@type":"WebPage","@id":"https:\/\/przedszkole4.slawno.pl\/?page_id=116","url":"https:\/\/przedszkole4.slawno.pl\/?page_id=116","name":"Rada rodzic\u00f3w - Przedszkole nr 4 im. Krasnala Ha\u0142aba\u0142y, \u017b\u0142obek Miejski w S\u0142awnie","isPartOf":{"@id":"https:\/\/przedszkole4.slawno.pl\/#website"},"datePublished":"2021-07-28T14:28:09+00:00","breadcrumb":{"@id":"https:\/\/przedszkole4.slawno.pl\/?page_id=116#breadcrumb"},"inLanguage":"pl-PL","potentialAction":[{"@type":"ReadAction","target":["https:\/\/przedszkole4.slawno.pl\/?page_id=116"]}]},{"@type":"BreadcrumbList","@id":"https:\/\/przedszkole4.slawno.pl\/?page_id=116#breadcrumb","itemListElement":[{"@type":"ListItem","position":1,"name":"Strona g\u0142\u00f3wna","item":"https:\/\/przedszkole4.slawno.pl\/"},{"@type":"ListItem","position":2,"name":"Rada rodzic\u00f3w"}]},{"@type":"WebSite","@id":"https:\/\/przedszkole4.slawno.pl\/#website","url":"https:\/\/przedszkole4.slawno.pl\/","name":"Przedszkole nr 4 im. Krasnala Ha\u0142aba\u0142y, \u017b\u0142obek Miejski w S\u0142awnie","description":"Krasnal Ha\u0142aba\u0142a","potentialAction":[{"@type":"SearchAction","target":{"@type":"EntryPoint","urlTemplate":"https:\/\/przedszkole4.slawno.pl\/?s={search_term_string}"},"query-input":{"@type":"PropertyValueSpecification","valueRequired":true,"valueName":"search_term_string"}}],"inLanguage":"pl-PL"}]}},"_links":{"self":[{"href":"http:\/\/przedszkole4.slawno.pl\/index.php?rest_route=\/wp\/v2\/pages\/116","targetHints":{"allow":["GET"]}}],"collection":[{"href":"http:\/\/przedszkole4.slawno.pl\/index.php?rest_route=\/wp\/v2\/pages"}],"about":[{"href":"http:\/\/przedszkole4.slawno.pl\/index.php?rest_route=\/wp\/v2\/types\/page"}],"author":[{"embeddable":true,"href":"http:\/\/przedszkole4.slawno.pl\/index.php?rest_route=\/wp\/v2\/users\/1"}],"replies":[{"embeddable":true,"href":"http:\/\/przedszkole4.slawno.pl\/index.php?rest_route=%2Fwp%2Fv2%2Fcomments&post=116"}],"version-history":[{"count":1,"href":"http:\/\/przedszkole4.slawno.pl\/index.php?rest_route=\/wp\/v2\/pages\/116\/revisions"}],"predecessor-version":[{"id":117,"href":"http:\/\/przedszkole4.slawno.pl\/index.php?rest_route=\/wp\/v2\/pages\/116\/revisions\/117"}],"wp:attachment":[{"href":"http:\/\/przedszkole4.slawno.pl\/index.php?rest_route=%2Fwp%2Fv2%2Fmedia&parent=116"}],"curies":[{"name":"wp","href":"https:\/\/api.w.org\/{rel}","templated":true}]}}