{"id":303,"date":"2021-09-26T18:43:49","date_gmt":"2021-09-26T16:43:49","guid":{"rendered":"http:\/\/przedszkole4.slawno.pl\/?page_id=303"},"modified":"2021-09-26T18:43:49","modified_gmt":"2021-09-26T16:43:49","slug":"prawa-rodzicow-2","status":"publish","type":"page","link":"http:\/\/przedszkole4.slawno.pl\/?page_id=303","title":{"rendered":"Prawa rodzic\u00f3w"},"content":{"rendered":"\n<p><strong>Prawa&nbsp; i obowi\u0105zki rodzic\u00f3w&nbsp;<\/strong><\/p>\n\n\n\n<p>1.Do podstawowych praw rodzic\u00f3w nale\u017cy:<\/p>\n\n\n\n<p>&nbsp;&nbsp;&nbsp;&nbsp;&nbsp;&nbsp;&nbsp;&nbsp;&nbsp;&nbsp;&#8211; uzyskanie na bie\u017c\u0105co rzetelnej&nbsp;&nbsp;informacji na temat swojego dziecka ,<\/p>\n\n\n\n<p>&nbsp;&nbsp;&nbsp;&nbsp;&nbsp;&nbsp;&nbsp;&nbsp;&nbsp;&nbsp;&#8211; uzyskanie porad&nbsp;&nbsp;i wskaz\u00f3wek&nbsp;&nbsp;od&nbsp;&nbsp;pracownik\u00f3w \u017c\u0142obka&nbsp;&nbsp;w rozpoznawaniu przyczyn&nbsp;<\/p>\n\n\n\n<p>&nbsp;&nbsp;&nbsp;&nbsp;&nbsp;&nbsp;&nbsp;&nbsp;&nbsp;&nbsp;&nbsp;&nbsp;i trudno\u015bci wychowawczych,<\/p>\n\n\n\n<p>&nbsp;&nbsp;&nbsp;&nbsp;&nbsp;&nbsp;&nbsp;&nbsp;&nbsp;&nbsp;&#8211; wyra\u017cania i przekazywania dyrektorowi oraz innym pracownikom wniosk\u00f3w<\/p>\n\n\n\n<p>&nbsp;&nbsp;&nbsp;&nbsp;&nbsp;&nbsp;&nbsp;&nbsp;&nbsp;&nbsp;&nbsp;&nbsp;&nbsp;dotycz\u0105cych pracy \u017c\u0142obka,<\/p>\n\n\n\n<p>&nbsp;&nbsp;&nbsp;&nbsp;&nbsp;&nbsp;&nbsp;&nbsp;&nbsp;&nbsp;&#8211; wyra\u017cania i przekazywania opinii na temat pracy \u017c\u0142obka organowi prowadz\u0105cemu<\/p>\n\n\n\n<p>&nbsp;&nbsp;&nbsp;&nbsp;&nbsp;&nbsp;&nbsp;&nbsp;&nbsp;&nbsp;&nbsp;&nbsp;sprawuj\u0105cemu nadz\u00f3r nad dzia\u0142alno\u015bci\u0105 \u017c\u0142obka ( o przekazywanych sprawach&nbsp;<\/p>\n\n\n\n<p>&nbsp;&nbsp;&nbsp;&nbsp;&nbsp;&nbsp;&nbsp;&nbsp;&nbsp;&nbsp;&nbsp;&nbsp;powinien ka\u017cdorazowo by\u0107 poinformowany dyrektor \u017c\u0142obka )<\/p>\n\n\n\n<p>&nbsp;&nbsp;&nbsp;&nbsp;&nbsp;&nbsp;&nbsp;&nbsp;&nbsp;&nbsp;&#8211; rodzice dziecka mog\u0105 w\u0142\u0105czy\u0107 si\u0119 w organizacj\u0119&nbsp;&nbsp;imprez okoliczno\u015bciowych&nbsp;<\/p>\n\n\n\n<p>&nbsp;&nbsp;&nbsp;&nbsp;&nbsp;&nbsp;&nbsp;&nbsp;&nbsp;&nbsp;&nbsp;&nbsp;organizowanych w \u017c\u0142obku,<\/p>\n\n\n\n<p>&nbsp;&nbsp;&nbsp;&nbsp;&nbsp;&nbsp;&nbsp;&nbsp;&nbsp;&nbsp;&#8211;&nbsp;&nbsp;wytypowana&nbsp;&nbsp;reprezentacja rodzic\u00f3w ze \u017c\u0142obka mo\u017ce&nbsp;&nbsp;go\u015bcinnie uczestniczy\u0107 w pracach<\/p>\n\n\n\n<p>&nbsp;&nbsp;&nbsp;&nbsp;&nbsp;&nbsp;&nbsp;&nbsp;&nbsp;&nbsp;&nbsp;&nbsp;Rady Rodzic\u00f3w&nbsp;&nbsp;przedszkola .<\/p>\n\n\n\n<p>2.&nbsp;&nbsp;&nbsp;&nbsp;&nbsp;&nbsp;&nbsp;Do obowi\u0105zk\u00f3w rodzic\u00f3w&nbsp;&nbsp;nale\u017cy:<\/p>\n\n\n\n<p>&nbsp;&nbsp;&nbsp;&nbsp;&nbsp;&nbsp;&nbsp;&nbsp;&nbsp;&nbsp;&#8211; przestrzeganie Statutu \u017b\u0142obka&nbsp;<\/p>\n\n\n\n<p>&nbsp;&nbsp;&nbsp;&nbsp;&nbsp;&nbsp;&nbsp;&nbsp;&nbsp;&nbsp;&#8211; przestrzeganie niniejszego regulaminu,<\/p>\n\n\n\n<p>&nbsp;&nbsp;&nbsp;&nbsp;&nbsp;&nbsp;&nbsp;&nbsp;&nbsp;&nbsp;&#8211; terminowe wnoszenie op\u0142at za us\u0142ugi zgodnie z zawart\u0105 umow\u0105 ,<\/p>\n\n\n\n<p>&nbsp;&nbsp;&nbsp;&nbsp;&nbsp;&nbsp;&nbsp;&nbsp;&nbsp;&nbsp;&#8211; przyprowadzanie i odbieranie dziecka ze \u017c\u0142obka osobi\u015bcie lub przez upowa\u017cnion\u0105<\/p>\n\n\n\n<p>&nbsp;&nbsp;&nbsp;&nbsp;&nbsp;&nbsp;&nbsp;&nbsp;&nbsp;&nbsp;&nbsp;&nbsp;pe\u0142noletni\u0105 osob\u0119 zapewniaj\u0105c\u0105 dziecku pe\u0142ne bezpiecze\u0144stwo,<\/p>\n\n\n\n<p>&nbsp;&nbsp;&nbsp;&nbsp;&nbsp;&nbsp;&nbsp;&nbsp;&nbsp;&nbsp;&#8211; informowanie plac\u00f3wki o chorobach dziecka i innych przyczynach nieobecno\u015bci,<\/p>\n\n\n\n<p>&nbsp;&nbsp;&nbsp;&nbsp;&nbsp;&nbsp;&nbsp;&nbsp;&nbsp;&nbsp;&#8211; czytanie i stosowanie si\u0119 do og\u0142osze\u0144 i&nbsp;&nbsp;zarz\u0105dze\u0144 , procedur , komunikat\u00f3w&nbsp;<\/p>\n\n\n\n<p>&nbsp;&nbsp;&nbsp;&nbsp;&nbsp;&nbsp;&nbsp;&nbsp;&nbsp;&nbsp;&nbsp;&nbsp;zamieszanych na tablicy informacyjnej i stronie internetowej ,<\/p>\n\n\n\n<p>&nbsp;&nbsp;&nbsp;&nbsp;&nbsp;&nbsp;&nbsp;&nbsp;&nbsp;&nbsp;&#8211; ka\u017cdorazowe informowanie dyrektora ,&nbsp;&nbsp;pracownik\u00f3w \u017c\u0142obka zmianach numer\u00f3w telefon\u00f3w i&nbsp;<\/p>\n\n\n\n<p>&nbsp;&nbsp;&nbsp;&nbsp;&nbsp;&nbsp;&nbsp;&nbsp;&nbsp;&nbsp;&nbsp;&nbsp;danych adresowych;<\/p>\n","protected":false},"excerpt":{"rendered":"<p>Prawa&nbsp; i obowi\u0105zki rodzic\u00f3w&nbsp; 1.Do podstawowych praw rodzic\u00f3w nale\u017cy: &nbsp;&nbsp;&nbsp;&nbsp;&nbsp;&nbsp;&nbsp;&nbsp;&nbsp;&nbsp;&#8211; uzyskanie na bie\u017c\u0105co rzetelnej&nbsp;&nbsp;informacji na temat swojego dziecka , &nbsp;&nbsp;&nbsp;&nbsp;&nbsp;&nbsp;&nbsp;&nbsp;&nbsp;&nbsp;&#8211; uzyskanie porad&nbsp;&nbsp;i wskaz\u00f3wek&nbsp;&nbsp;od&nbsp;&nbsp;pracownik\u00f3w \u017c\u0142obka&nbsp;&nbsp;w rozpoznawaniu przyczyn&nbsp; &nbsp;&nbsp;&nbsp;&nbsp;&nbsp;&nbsp;&nbsp;&nbsp;&nbsp;&nbsp;&nbsp;&nbsp;i trudno\u015bci wychowawczych, &nbsp;&nbsp;&nbsp;&nbsp;&nbsp;&nbsp;&nbsp;&nbsp;&nbsp;&nbsp;&#8211; wyra\u017cania i przekazywania dyrektorowi oraz innym pracownikom wniosk\u00f3w &nbsp;&nbsp;&nbsp;&nbsp;&nbsp;&nbsp;&nbsp;&nbsp;&nbsp;&nbsp;&nbsp;&nbsp;&nbsp;dotycz\u0105cych pracy \u017c\u0142obka, &nbsp;&nbsp;&nbsp;&nbsp;&nbsp;&nbsp;&nbsp;&nbsp;&nbsp;&nbsp;&#8211; wyra\u017cania i przekazywania opinii na temat pracy \u017c\u0142obka organowi prowadz\u0105cemu &nbsp;&nbsp;&nbsp;&nbsp;&nbsp;&nbsp;&nbsp;&nbsp;&nbsp;&nbsp;&nbsp;&nbsp;sprawuj\u0105cemu nadz\u00f3r nad &hellip; <a href=\"http:\/\/przedszkole4.slawno.pl\/?page_id=303\" class=\"more-link\">Continue reading<span class=\"screen-reader-text\"> &#8222;Prawa rodzic\u00f3w&#8221;<\/span><\/a><\/p>\n","protected":false},"author":1,"featured_media":0,"parent":0,"menu_order":0,"comment_status":"closed","ping_status":"closed","template":"","meta":{"footnotes":""},"class_list":["post-303","page","type-page","status-publish","hentry"],"yoast_head":"<!-- This site is optimized with the Yoast SEO plugin v27.6 - https:\/\/yoast.com\/product\/yoast-seo-wordpress\/ -->\n<title>Prawa rodzic\u00f3w - Przedszkole nr 4 im. Krasnala Ha\u0142aba\u0142y, \u017b\u0142obek Miejski w S\u0142awnie<\/title>\n<meta name=\"robots\" content=\"index, follow, max-snippet:-1, max-image-preview:large, max-video-preview:-1\" \/>\n<link rel=\"canonical\" href=\"http:\/\/przedszkole4.slawno.pl\/?page_id=303\" \/>\n<meta name=\"twitter:card\" content=\"summary_large_image\" \/>\n<meta name=\"twitter:title\" content=\"Prawa rodzic\u00f3w - Przedszkole nr 4 im. Krasnala Ha\u0142aba\u0142y, \u017b\u0142obek Miejski w S\u0142awnie\" \/>\n<meta name=\"twitter:description\" content=\"Prawa&nbsp; i obowi\u0105zki rodzic\u00f3w&nbsp; 1.Do podstawowych praw rodzic\u00f3w nale\u017cy: &nbsp;&nbsp;&nbsp;&nbsp;&nbsp;&nbsp;&nbsp;&nbsp;&nbsp;&nbsp;&#8211; uzyskanie na bie\u017c\u0105co rzetelnej&nbsp;&nbsp;informacji na temat swojego dziecka , &nbsp;&nbsp;&nbsp;&nbsp;&nbsp;&nbsp;&nbsp;&nbsp;&nbsp;&nbsp;&#8211; uzyskanie porad&nbsp;&nbsp;i wskaz\u00f3wek&nbsp;&nbsp;od&nbsp;&nbsp;pracownik\u00f3w \u017c\u0142obka&nbsp;&nbsp;w rozpoznawaniu przyczyn&nbsp; &nbsp;&nbsp;&nbsp;&nbsp;&nbsp;&nbsp;&nbsp;&nbsp;&nbsp;&nbsp;&nbsp;&nbsp;i trudno\u015bci wychowawczych, &nbsp;&nbsp;&nbsp;&nbsp;&nbsp;&nbsp;&nbsp;&nbsp;&nbsp;&nbsp;&#8211; wyra\u017cania i przekazywania dyrektorowi oraz innym pracownikom wniosk\u00f3w &nbsp;&nbsp;&nbsp;&nbsp;&nbsp;&nbsp;&nbsp;&nbsp;&nbsp;&nbsp;&nbsp;&nbsp;&nbsp;dotycz\u0105cych pracy \u017c\u0142obka, &nbsp;&nbsp;&nbsp;&nbsp;&nbsp;&nbsp;&nbsp;&nbsp;&nbsp;&nbsp;&#8211; wyra\u017cania i przekazywania opinii na temat pracy \u017c\u0142obka organowi prowadz\u0105cemu &nbsp;&nbsp;&nbsp;&nbsp;&nbsp;&nbsp;&nbsp;&nbsp;&nbsp;&nbsp;&nbsp;&nbsp;sprawuj\u0105cemu nadz\u00f3r nad &hellip; Continue reading &quot;Prawa rodzic\u00f3w&quot;\" \/>\n<meta name=\"twitter:label1\" content=\"Szacowany czas czytania\" \/>\n\t<meta name=\"twitter:data1\" content=\"3 minuty\" \/>\n<script type=\"application\/ld+json\" class=\"yoast-schema-graph\">{\"@context\":\"https:\\\/\\\/schema.org\",\"@graph\":[{\"@type\":\"WebPage\",\"@id\":\"http:\\\/\\\/przedszkole4.slawno.pl\\\/?page_id=303\",\"url\":\"http:\\\/\\\/przedszkole4.slawno.pl\\\/?page_id=303\",\"name\":\"Prawa rodzic\u00f3w - Przedszkole nr 4 im. Krasnala Ha\u0142aba\u0142y, \u017b\u0142obek Miejski w S\u0142awnie\",\"isPartOf\":{\"@id\":\"http:\\\/\\\/przedszkole4.slawno.pl\\\/#website\"},\"datePublished\":\"2021-09-26T16:43:49+00:00\",\"breadcrumb\":{\"@id\":\"http:\\\/\\\/przedszkole4.slawno.pl\\\/?page_id=303#breadcrumb\"},\"inLanguage\":\"pl-PL\",\"potentialAction\":[{\"@type\":\"ReadAction\",\"target\":[\"http:\\\/\\\/przedszkole4.slawno.pl\\\/?page_id=303\"]}]},{\"@type\":\"BreadcrumbList\",\"@id\":\"http:\\\/\\\/przedszkole4.slawno.pl\\\/?page_id=303#breadcrumb\",\"itemListElement\":[{\"@type\":\"ListItem\",\"position\":1,\"name\":\"Strona g\u0142\u00f3wna\",\"item\":\"http:\\\/\\\/przedszkole4.slawno.pl\\\/\"},{\"@type\":\"ListItem\",\"position\":2,\"name\":\"Prawa rodzic\u00f3w\"}]},{\"@type\":\"WebSite\",\"@id\":\"http:\\\/\\\/przedszkole4.slawno.pl\\\/#website\",\"url\":\"http:\\\/\\\/przedszkole4.slawno.pl\\\/\",\"name\":\"Przedszkole nr 4 im. Krasnala Ha\u0142aba\u0142y, \u017b\u0142obek Miejski w S\u0142awnie\",\"description\":\"Krasnal Ha\u0142aba\u0142a\",\"potentialAction\":[{\"@type\":\"SearchAction\",\"target\":{\"@type\":\"EntryPoint\",\"urlTemplate\":\"http:\\\/\\\/przedszkole4.slawno.pl\\\/?s={search_term_string}\"},\"query-input\":{\"@type\":\"PropertyValueSpecification\",\"valueRequired\":true,\"valueName\":\"search_term_string\"}}],\"inLanguage\":\"pl-PL\"}]}<\/script>\n<!-- \/ Yoast SEO plugin. -->","yoast_head_json":{"title":"Prawa rodzic\u00f3w - Przedszkole nr 4 im. Krasnala Ha\u0142aba\u0142y, \u017b\u0142obek Miejski w S\u0142awnie","robots":{"index":"index","follow":"follow","max-snippet":"max-snippet:-1","max-image-preview":"max-image-preview:large","max-video-preview":"max-video-preview:-1"},"canonical":"http:\/\/przedszkole4.slawno.pl\/?page_id=303","twitter_card":"summary_large_image","twitter_title":"Prawa rodzic\u00f3w - Przedszkole nr 4 im. Krasnala Ha\u0142aba\u0142y, \u017b\u0142obek Miejski w S\u0142awnie","twitter_description":"Prawa&nbsp; i obowi\u0105zki rodzic\u00f3w&nbsp; 1.Do podstawowych praw rodzic\u00f3w nale\u017cy: &nbsp;&nbsp;&nbsp;&nbsp;&nbsp;&nbsp;&nbsp;&nbsp;&nbsp;&nbsp;&#8211; uzyskanie na bie\u017c\u0105co rzetelnej&nbsp;&nbsp;informacji na temat swojego dziecka , &nbsp;&nbsp;&nbsp;&nbsp;&nbsp;&nbsp;&nbsp;&nbsp;&nbsp;&nbsp;&#8211; uzyskanie porad&nbsp;&nbsp;i wskaz\u00f3wek&nbsp;&nbsp;od&nbsp;&nbsp;pracownik\u00f3w \u017c\u0142obka&nbsp;&nbsp;w rozpoznawaniu przyczyn&nbsp; &nbsp;&nbsp;&nbsp;&nbsp;&nbsp;&nbsp;&nbsp;&nbsp;&nbsp;&nbsp;&nbsp;&nbsp;i trudno\u015bci wychowawczych, &nbsp;&nbsp;&nbsp;&nbsp;&nbsp;&nbsp;&nbsp;&nbsp;&nbsp;&nbsp;&#8211; wyra\u017cania i przekazywania dyrektorowi oraz innym pracownikom wniosk\u00f3w &nbsp;&nbsp;&nbsp;&nbsp;&nbsp;&nbsp;&nbsp;&nbsp;&nbsp;&nbsp;&nbsp;&nbsp;&nbsp;dotycz\u0105cych pracy \u017c\u0142obka, &nbsp;&nbsp;&nbsp;&nbsp;&nbsp;&nbsp;&nbsp;&nbsp;&nbsp;&nbsp;&#8211; wyra\u017cania i przekazywania opinii na temat pracy \u017c\u0142obka organowi prowadz\u0105cemu &nbsp;&nbsp;&nbsp;&nbsp;&nbsp;&nbsp;&nbsp;&nbsp;&nbsp;&nbsp;&nbsp;&nbsp;sprawuj\u0105cemu nadz\u00f3r nad &hellip; Continue reading \"Prawa rodzic\u00f3w\"","twitter_misc":{"Szacowany czas czytania":"3 minuty"},"schema":{"@context":"https:\/\/schema.org","@graph":[{"@type":"WebPage","@id":"http:\/\/przedszkole4.slawno.pl\/?page_id=303","url":"http:\/\/przedszkole4.slawno.pl\/?page_id=303","name":"Prawa rodzic\u00f3w - Przedszkole nr 4 im. Krasnala Ha\u0142aba\u0142y, \u017b\u0142obek Miejski w S\u0142awnie","isPartOf":{"@id":"http:\/\/przedszkole4.slawno.pl\/#website"},"datePublished":"2021-09-26T16:43:49+00:00","breadcrumb":{"@id":"http:\/\/przedszkole4.slawno.pl\/?page_id=303#breadcrumb"},"inLanguage":"pl-PL","potentialAction":[{"@type":"ReadAction","target":["http:\/\/przedszkole4.slawno.pl\/?page_id=303"]}]},{"@type":"BreadcrumbList","@id":"http:\/\/przedszkole4.slawno.pl\/?page_id=303#breadcrumb","itemListElement":[{"@type":"ListItem","position":1,"name":"Strona g\u0142\u00f3wna","item":"http:\/\/przedszkole4.slawno.pl\/"},{"@type":"ListItem","position":2,"name":"Prawa rodzic\u00f3w"}]},{"@type":"WebSite","@id":"http:\/\/przedszkole4.slawno.pl\/#website","url":"http:\/\/przedszkole4.slawno.pl\/","name":"Przedszkole nr 4 im. Krasnala Ha\u0142aba\u0142y, \u017b\u0142obek Miejski w S\u0142awnie","description":"Krasnal Ha\u0142aba\u0142a","potentialAction":[{"@type":"SearchAction","target":{"@type":"EntryPoint","urlTemplate":"http:\/\/przedszkole4.slawno.pl\/?s={search_term_string}"},"query-input":{"@type":"PropertyValueSpecification","valueRequired":true,"valueName":"search_term_string"}}],"inLanguage":"pl-PL"}]}},"_links":{"self":[{"href":"http:\/\/przedszkole4.slawno.pl\/index.php?rest_route=\/wp\/v2\/pages\/303","targetHints":{"allow":["GET"]}}],"collection":[{"href":"http:\/\/przedszkole4.slawno.pl\/index.php?rest_route=\/wp\/v2\/pages"}],"about":[{"href":"http:\/\/przedszkole4.slawno.pl\/index.php?rest_route=\/wp\/v2\/types\/page"}],"author":[{"embeddable":true,"href":"http:\/\/przedszkole4.slawno.pl\/index.php?rest_route=\/wp\/v2\/users\/1"}],"replies":[{"embeddable":true,"href":"http:\/\/przedszkole4.slawno.pl\/index.php?rest_route=%2Fwp%2Fv2%2Fcomments&post=303"}],"version-history":[{"count":1,"href":"http:\/\/przedszkole4.slawno.pl\/index.php?rest_route=\/wp\/v2\/pages\/303\/revisions"}],"predecessor-version":[{"id":304,"href":"http:\/\/przedszkole4.slawno.pl\/index.php?rest_route=\/wp\/v2\/pages\/303\/revisions\/304"}],"wp:attachment":[{"href":"http:\/\/przedszkole4.slawno.pl\/index.php?rest_route=%2Fwp%2Fv2%2Fmedia&parent=303"}],"curies":[{"name":"wp","href":"https:\/\/api.w.org\/{rel}","templated":true}]}}